= m + -81. Let w = 145 + q. What are the prime factors of w?
5, 11
Suppose -8*c - 15*c = -7015. List the prime factors of c.
5, 61
Let k be ((-9)/6 - 1)*56/(-10). What are the prime factors of 41 + (-33)/(-44) + k/(-8)?
2, 5
Suppose 209 = f + 2*f - v, f = -4*v + 61. Let p = 99 - f. List the prime factors of p.
2, 3, 5
Let r = -1240 + 1999. What are the prime factors of r?
3, 11, 23
Suppose -q - 180 - 172 = 0. What are the prime factors of (-8)/12 + q/(-6)?
2, 29
Suppose 4*y + j = -1 + 3, -y = -4*j - 9. What are the prime factors of (1 - y - 9)/((-1)/19)?
3, 19
Suppose -z - 5*v = -15, 5*z + v - 3 = -0*v. Suppose 3*q - 131 - 175 = z. What are the prime factors of q?
2, 3, 17
Suppose 3237 = 9*y + 42. What are the prime factors of y?
5, 71
Suppose 6*m - 487 = 209. Suppose -f - m = -5*f. What are the prime factors of f?
29
Suppose -8*b + 223 + 5761 = 0. List the prime factors of b.
2, 11, 17
Suppose 20*g = 19206 + 2334. List the prime factors of g.
3, 359
Let o be ((-32)/(-6))/((-4)/(-6)). Let l be (-8)/40 + (-2)/(-10). Suppose -2*g = -o - l. What are the prime factors of g?
2
Let z be (6/(-7))/(21/(-98)). Suppose -4*o + 13 = 5*b - o, 4*o = -z*b + 12. Suppose 5*f = 4*v + 75, -b*f = 4*v - 17 - 41. What are the prime factors of f?
19
Suppose 486 = 3*l - 825. What are the prime factors of l?
19, 23
Let c = 128 - 143. Let o = c + 129. List the prime factors of o.
2, 3, 19
Let p(f) = -f**3 + 12*f**2 - f + 14. Let v be p(12). Suppose -v*t + 40 = 2*t. Suppose t - 53 = -g. What are the prime factors of g?
43
Let q(t) = -t**3 + 4*t**2 + 6*t. Let a be q(5). Suppose 5*g = x + 4*x - 35, -33 = 4*g - a*x. Let k = g - -6. List the prime factors of k.
2
Suppose -3*q = 15, 2 = d - 3*q - 104. List the prime factors of -2 + -1 + 3 + (d - -4).
5, 19
Let f = -788 + 1280. Suppose -5*l - 2*x = -592, -4*l - x + f = -4*x. What are the prime factors of l?
2, 3, 5
Let i(l) = 5*l. Let o be i(4). Let f = 83 - o. What are the prime factors of f?
3, 7
Let r(l) be the first derivative of 7*l**2/2 - l - 17. List the prime factors of r(8).
5, 11
Suppose -5*l + 15 = 5. Suppose -l*n + 3 = g, 5*n = g + 5 - 15. Suppose -g*v + 149 = -21. List the prime factors of v.
2, 17
Let f be 7/((-14)/4) - -4. Suppose 3*y + 3*b = 732, f*y - 6*y = -b - 981. What are the prime factors of y?
5, 7
Suppose l + 3*l - 2*b - 840 = 0, -b = 2*l - 424. List the prime factors of l.
211
List the prime factors of (-353)/1*((-54)/(-9) - 7).
353
Suppose z - 7 = 2*z + 3*h, 0 = -3*z + 2*h + 23. Suppose 9 = -5*b - 11. Let r = z - b. List the prime factors of r.
3
Let r(q) = q - 1. Let g be r(8). Suppose g = -3*b + 4. List the prime factors of (-7)/(b - 3/(-4)).
2, 7
Suppose -1 = -4*p + 15. Suppose 0 = -p*u + 316 - 84. What are the prime factors of u?
2, 29
Let b = 164 - 159. Suppose 3*p + p - b*m = 81, -5*p + 96 = -m. What are the prime factors of p?
19
Suppose 4*t + 165 + 75 = 0. Let g = -30 - t. Suppose -3*q - 3*x = -g, 0*q + x = 5*q - 56. What are the prime factors of q?
11
Let n be 9 - ((-2)/8 + 81/36). Suppose -n*d + 266 = -5*d. List the prime factors of d.
7, 19
Let o = -35 + 41. Suppose o*l - 150 = -0*l. What are the prime factors of l?
5
Let g(d) = -9*d + 4. Let x be g(3). Let l be 2/12 + x/(-6). Suppose -t = -3*k + 26 + 37, -t + 77 = l*k. List the prime factors of k.
2, 5
Suppose -4*n = 2*c + 3*c + 5, -c + n + 8 = 0. Suppose 4*i + c = -9. List the prime factors of 7*(i + 5) + 4.
2, 3
Suppose 14*m - 12*m - 1144 = 0. Let j = -308 + m. What are the prime factors of j?
2, 3, 11
Let w(g) = g**2 + 32*g + 142. What are the prime factors of w(-51)?
11, 101
Let q(y) = y - 2. Let d = -3 - -8. Let j be q(d). Suppose 4*h - 3*h = -5*g - 8, 0 = h + j*g. What are the prime factors of h?
2, 3
Let n(r) = -2*r**2 - 5*r + 5. Let p be n(5). Let i = p - -241. Suppose -i = 2*h - 5*h. List the prime factors of h.
3, 19
Let u = -524 + 1540. What are the prime factors of u?
2, 127
Suppose -i + 11*i = -30. What are the prime factors of (3528/(-105))/(i/10)?
2, 7
Let v(x) be the third derivative of x**5/60 + 7*x**4/12 + 7*x**3/3 + 11*x**2. Let b be v(-14). List the prime factors of ((-220)/77)/((-2)/b).
2, 5
Suppose 67*b - 3690 = 57*b. List the prime factors of b.
3, 41
Suppose -3*v = -0*v. Suppose -5*y = -11 - 14. Suppose -b - 14 = -v*g - 2*g, 3*g = -y*b + 21. List the prime factors of g.
7
Let b be 2/1*(-72 - -14). Let q = b + 256. List the prime factors of q.
2, 5, 7
Suppose 5 = -5*i - 0. Let r be 1/i*(-7 + 2). Let l = r - -30. What are the prime factors of l?
5, 7
Let q = -5 + 12. Let b = q + -18. Let r(m) = m**2 + 8*m - 13. List the prime factors of r(b).
2, 5
Let t = -110 - -218. Suppose -o = 5*c - 62, -3*o - c + 8 = -t. List the prime factors of o.
37
Suppose -19 = -2*m + 305. Suppose -3*z + o + 0*o + 172 = 0, -3*z + m = -3*o. What are the prime factors of z?
59
Let s(g) = 6*g**2 - 2*g - 2. Let o(p) = 17*p**2 - 7*p - 6. Let h(t) = 3*o(t) - 8*s(t). List the prime factors of h(-3).
2, 5
Let n(c) be the first derivative of 3*c**5/20 - c**4/12 - c**3/2 + c**2/2 + 9*c - 6. Let a(v) be the first derivative of n(v). List the prime factors of a(2).
3, 5
Let o = 1175 + 3480. List the prime factors of o.
5, 7, 19
Let y(p) = -6*p - 2. Let h be y(-1). Suppose m = -2*c + h*m + 128, 3*c - 202 = 2*m. What are the prime factors of c?
2, 5, 7
Let n(t) = -58*t + 4. List the prime factors of n(-12).
2, 5, 7
Let c(j) = -j**3 - 10*j**2 + 6*j - 4. Let l be c(-11). Let o = l + 5. List the prime factors of o.
2, 7
What are the prime factors of (-3)/(-24) - (-1 - 20875/40)?
523
Let n(f) = 151*f**2 + 17*f - 61. List the prime factors of n(4).
2423
Let c(t) = 9*t - 12*t - 13*t. Let w be c(-3). Suppose 3*l + l = w. What are the prime factors of l?
2, 3
Suppose 0 = 60*t - 66*t. Let u be (-1 + 0)/((-4)/408). Suppose 3*v - 9*v + u = t. What are the prime factors of v?
17
List the prime factors of (11/5 - 0)/((-20)/(-10900)).
11, 109
Let j(c) = 133*c**2 - 8*c - 9. List the prime factors of j(-2).
7, 11
Let z = -227 + 520. Let t(v) = v**2 + 5*v + 21. Let f be t(-7). Suppose -z = -8*p + f. List the prime factors of p.
41
Let c(k) = -k**3 + 3*k**2 + 4*k + 10. Let x be c(5). Let g = x - -27. What are the prime factors of g?
7
Let c = 3608 + -304. List the prime factors of c.
2, 7, 59
Let g be ((-3)/(-6)*-2)/(2/(-6)). Suppose -g*h + 7*h = 84. List the prime factors of h.
3, 7
Let n = 1298 - 579. What are the prime factors of -3 - ((-20)/(-25) + n/(-5))?
2, 5, 7
Let z(b) = 146*b - 42. What are the prime factors of z(4)?
2, 271
Let l(u) = -u**2 - 10*u + 5. Let v be l(-9). Let a be 702/(-7) + 4/v. Let p = -69 - a. List the prime factors of p.
31
Let k(g) be the first derivative of -14*g**2 - 9*g + 4. List the prime factors of k(-3).
3, 5
Suppose 0 = 5*q - 4*s - 10, 5*s + 21 = -4. Let l(o) = -6*o**3 + 3*o**2 + o - 1. Let x be l(q). Let k = x - 29. What are the prime factors of k?
2, 7
Let v(j) = 7*j**2 + 12. Let z be v(-7). Suppose 5*l = 4*d - 9*d + z, -8 = -4*d. List the prime factors of l.
3, 23
Let m(k) = -k**3 - 12*k**2 - 8*k + 1. Let t be m(-11). Let v = t - -129. Suppose -2*n = -v + 23. List the prime factors of n.
37
Let b(x) = -9*x**2 + 2*x + 16. Let h be b(6). Let r = 507 + h. List the prime factors of r.
211
Suppose -7*r = -4*r - 21. Let n(i) = 3*i**2 - 10*i + 10. What are the prime factors of n(r)?
3, 29
Let j be 6/48 + 39/8. Let g(y) = y**3 + 4*y**2 - 2*y - 25. List the prime factors of g(j).
2, 5, 19
Let g be (8 - 6)*(2/(-4) + 2). Suppose 0 = -g*c - 36 + 177. What are the prime factors of c?
47
Suppose 4*h + 21 = 11*h. Let k = -1 - h. List the prime factors of ((-55)/k)/((-5)/(-20)).
5, 11
Let j(g) = -7*g**2 - g + 2. Let s be j(1). Let h(i) = -i**2 - 11*i + 12. What are the prime factors of h(s)?
2, 3, 7
Let m(a) = -a**2 + 8*a + 11. Let p be m(9). Suppose -y + 3 = q, 5*q - q - p*y = 12. Suppose -q*z + 25 = 5*l, 2*z - 3 = l - 8. What are the prime factors of l?
5
Let b be (14/(-6))/(532/(-456)). Let v = -13 + 18. Suppose -5*q + 119 = v*x - b*x, 3*q - 5*x = 51. List the prime factors of q.
2, 11
Let g(j) = j**3 + 11*j**2 + 6*j + 16. Let w be g(-5). Suppose 2*a = 4*a - w. List the prime factors of a.
2, 17
Suppose 0 = -o + 5*k + 20 + 436, 0 = -5*o + 2*k + 2372. What are the prime factors of o?
2, 7, 17
Let x = -1383 - -2121. What are the prime factors o